{"id":115,"date":"2023-06-27T12:31:02","date_gmt":"2023-06-27T12:31:02","guid":{"rendered":"https:\/\/cjam.ro\/?page_id=115"},"modified":"2025-03-25T10:40:22","modified_gmt":"2025-03-25T10:40:22","slug":"cadru-legislativ","status":"publish","type":"page","link":"https:\/\/cjam.ro\/index.php\/informatii-publice\/cadru-legislativ\/","title":{"rendered":"Cadru legislativ"},"content":{"rendered":"\n<h4 class=\"wp-block-heading\">Organizarea sistemului sanitar din Rom\u00e2nia, organizarea, func\u021bionarea \u0219i structura organizatoric\u0103 a direc\u021biilor de s\u0103n\u0103tate public\u0103<\/h4>\n\n\n\n<ul class=\"wp-block-list\">\n<li><a href=\"https:\/\/legislatie.just.ro\/Public\/DetaliiDocument\/71139\" title=\"\">Legea 95\/2006 privind reforma \u00een domeniul s\u0103n\u0103t\u0103\u021bii<\/a><\/li>\n\n\n\n<li><a href=\"http:\/\/legislatie.just.ro\/Public\/DetaliiDocument\/116695\">Hot\u0103r\u00e2rea nr. 144\/2010&nbsp;<\/a>&nbsp;<a href=\"http:\/\/legislatie.just.ro\/Public\/DetaliiDocument\/116695\">privind organizarea \u015fi func\u0163ionarea Ministerului S\u0103n\u0103t\u0103\u0163ii, cu modific\u0103rile \u0219i complet\u0103rile ulterioare<\/a><\/li>\n\n\n\n<li><a href=\"https:\/\/legislatie.just.ro\/Public\/DetaliiDocument\/292986\">ORDIN nr. 6161 din 20 decembrie 2024 privind aprobarea Regulamentului de organizare \u015fi func\u0163ionare a direc\u0163iilor de s\u0103n\u0103tate public\u0103 jude\u0163ene \u015fi a municipiului Bucure\u015fti<\/a><\/li>\n\n\n\n<li><a href=\"https:\/\/dspbv.ro\/pdf\/Hotarare-CNSU-nr.-49-din-13.10.2020-si-anexe.pdf\">Hot\u0103r\u00e2rea C.N.S.U. nr. 49\/ 13.10.2020, privind propunerea prelungirii st\u0103rii de alert\u0103 \u0219i a m\u0103surilor necesar a fi aplicate pe durata acesteia pentru prevenirea \u0219i combaterea efectelor pandemiei de COVID-19<\/a><\/li>\n\n\n\n<li><a href=\"https:\/\/legislatie.just.ro\/public\/DetaliiDocument\/294188\">Ordonan\u021ba 7\/2025 pentru modificarea Legii nr. 95\/2006 privind reforma \u00een domeniul s\u0103n\u0103t\u0103\u021bii \u0219i pentru modificarea \u0219i completarea unor acte normative \u00een domeniul s\u0103n\u0103t\u0103\u021bii<\/a><\/li>\n<\/ul>\n\n\n\n<h4 class=\"wp-block-heading\">Legisla\u021bie privind supravegherea st\u0103rii de s\u0103n\u0103tate<\/h4>\n\n\n\n<ul class=\"wp-block-list\">\n<li><a href=\"https:\/\/legislatie.just.ro\/Public\/DetaliiDocument\/255558\">HG nr. 657\/2022 privind aprobarea con\u0163inutului \u015fi a metodologiei de colectare \u015fi raportare a datelor pentru supravegherea bolilor transmisibile \u00een Registrul unic de boli transmisibile<\/a><\/li>\n\n\n\n<li><a href=\"https:\/\/legislatie.just.ro\/Public\/DetaliiDocument\/64743\">HOTARARE nr. 924 din 11 august 2005 privind aprobarea Regulilor generale pentru igiena produselor alimentare<\/a><\/li>\n\n\n\n<li><a href=\"http:\/\/dspiasi.ro\/wp-content\/uploads\/documents\/legislatie\/\/Legislatie%20%20privind%20supravegherea%20starii%20de%20sanatate\/ORDIN%20nr.%201.030%20din%2020%20august%202009privind%20aprobarea%20procedurilor%20de%20reglementare%20sanitara%20pentru%20proiectele%20de%20amplasare,%20amenajare,%20construire%20si.pdf\">ORDIN nr. 1.030 din 20 august 2009 privind aprobarea procedurilor de reglementare sanitara pentru proiectele de amplasare, amenajare, construire si pentru functionarea obiectivelor ce desfasoara activitati cu risc pentru starea de sanatate a populatiei&nbsp;<\/a><\/li>\n\n\n\n<li><a href=\"https:\/\/legislatie.just.ro\/Public\/DetaliiDocument\/257428\">Ordinul MS nr. 1738\/2022 pentru aprobarea Normelor metodologice cu privire la modalitatea \u015fi frecven\u0163a de raportare de c\u0103tre furnizorii de servicii medicale, precum \u015fi circuitul informa\u0163ional al fi\u015fei unice de raportare a bolilor transmisibile \u015fi pentru aprobarea Sistemului de alert\u0103 precoce \u015fi reac\u0163ie privind prevenirea \u015fi controlul bolilor transmisibile<\/a><\/li>\n\n\n\n<li><a href=\"https:\/\/legislatie.just.ro\/Public\/DetaliiDocument\/155650\">Ordinul MS 119\/2014 pentru aprobarea Normelor de igien\u0103 \u015fi s\u0103n\u0103tate public\u0103 privind mediul de via\u0163\u0103 al popula\u0163iei<\/a><\/li>\n\n\n\n<li><a href=\"https:\/\/legislatie.just.ro\/public\/DetaliiDocument\/294114\">Instruc\u021biune nr. 1.452\/2025&nbsp;privind instituirea st\u0103rii de alert\u0103 epidemiologic\u0103 determinate de grip\u0103<\/a><\/li>\n<\/ul>\n\n\n\n<h4 class=\"wp-block-heading\">Legisla\u021bie func\u021bionari publici<\/h4>\n\n\n\n<ul class=\"wp-block-list\">\n<li><a href=\"https:\/\/legislatie.just.ro\/Public\/DetaliiDocument\/215925\">Codul administrativ ORDONAN\u021a\u0102 DE URGEN\u021a\u0102 nr. 57 din 3 iulie 2019<\/a><\/li>\n\n\n\n<li><a href=\"https:\/\/legislatie.just.ro\/Public\/DetaliiDocument\/82411\">Legea 188 din 1999 Statutul functionarilor publici<\/a><\/li>\n<\/ul>\n\n\n\n<h4 class=\"wp-block-heading\">Legisla\u021bie programe de s\u0103n\u0103tate<\/h4>\n\n\n\n<ul class=\"wp-block-list\">\n<li><a href=\"https:\/\/legislatie.just.ro\/Public\/DetaliiDocument\/280648\">Ordinul MS nr. 1640\/2024 pentru modificarea \u015fi completarea Normelor tehnice de realizare a programelor na\u0163ionale de s\u0103n\u0103tate public\u0103, aprobate prin Ordinul ministrului s\u0103n\u0103t\u0103\u0163ii nr. 964\/2022<\/a><\/li>\n\n\n\n<li><a href=\"https:\/\/legislatie.just.ro\/Public\/DetaliiDocument\/253299\">Hotararea nr.423-2022 privind aprobarea programelor nationale de sanatate<\/a><\/li>\n\n\n\n<li><a href=\"https:\/\/legislatie.just.ro\/Public\/DetaliiDocument\/253543\">Ordinul MS nr. 964\/2022 privind aprobarea Normelor tehnice de realizare a programelor na\u0163ionale de s\u0103n\u0103tate public\u0103<\/a><\/li>\n\n\n\n<li><a href=\"https:\/\/dspbv.ro\/wp-content\/uploads\/2024\/09\/normele-tehnice-de-realizare-a-programelor-nationale-de-sanatate-publica-din-31032022.pdf\">Normele tehnice de realizare a programelor na\u0163ionale de s\u0103n\u0103tate public\u0103, din 31.03.2022<\/a><\/li>\n\n\n\n<li><a href=\"https:\/\/legislatie.just.ro\/Public\/DetaliiDocument\/104085\">Hotarirea de Guvern 367 din 2009 pentru aprobarea programelor de sanatate in anul 2009<\/a><\/li>\n\n\n\n<li><a href=\"https:\/\/legislatie.just.ro\/Public\/DetaliiDocument\/104155\">Ordin 417 din 2009 pentru aprobarea Normelor tehnice de realizare a programelor nationale de sanatate in anul 2009<\/a><\/li>\n\n\n\n<li><a href=\"https:\/\/legislatie.just.ro\/Public\/DetaliiDocument\/49432\">Ordin 50 din 2004 privind metodologia de trimitere a unor categorii de bolnavi pentru tratament in strainatate<\/a><\/li>\n<\/ul>\n\n\n\n<h4 class=\"wp-block-heading\">&nbsp;Legisla\u021bie privind protec\u021bia datelor cu caracter personal<\/h4>\n\n\n\n<ul class=\"wp-block-list\">\n<li><a href=\"https:\/\/legislatie.just.ro\/Public\/DetaliiDocument\/201834\">Regulament (UE) nr. 679 din 27 aprilie 2016 privind protec\u021bia persoanelor fizice \u00een ceea ce prive\u0219te prelucrarea datelor cu caracter personal \u0219i privind libera circula\u021bie a acestor date \u0219i de abrogare a Directivei 95\/46\/CE (Regulamentul general privind protec\u021bia datelor)<\/a><\/li>\n<\/ul>\n\n\n\n<h4 class=\"wp-block-heading\">Legisla\u021bie rela\u021bii publice<\/h4>\n\n\n\n<ul class=\"wp-block-list\">\n<li><a href=\"https:\/\/legislatie.just.ro\/Public\/DetaliiDocument\/31413\">Legea 544 privind liberul acces la informatii de interes public (52.95 KB)<\/a><\/li>\n\n\n\n<li><a href=\"https:\/\/legislatie.just.ro\/Public\/DetaliiDocument\/179996\">Norme metodologice de aplicare a Legii 544 privind liberul acces la informatii de interes public<\/a><\/li>\n\n\n\n<li><a href=\"https:\/\/legislatie.just.ro\/Public\/DetaliiDocument\/33817\">Ordonanta nr.27 din 2002 privind reglementarea activitatii de solutionare a petitiilor<\/a><\/li>\n\n\n\n<li><a href=\"https:\/\/legislatie.just.ro\/Public\/DetaliiDocument\/35687\">Legea nr. 233\/2002 pentru aprobarea Ordonan\u0163ei Guvernului nr. 27\/2002 privind reglementarea activit\u0103\u0163ii de solu\u0163ionare a peti\u0163iilor<\/a><\/li>\n\n\n\n<li><a href=\"https:\/\/dspbv.ro\/wp-content\/uploads\/2024\/09\/Ordinul-ministrului-nr-1608-din-2024-si-Ghidul-1.pdf\">Ordinul ministrului mediului, apelor \u015fi p\u0103durilor nr. 1608\/2024 privind aprobarea Ghidului autorit\u0103\u0163ilor publice pentru accesul publicului la informa\u0163ia de mediu&nbsp;<\/a><\/li>\n<\/ul>\n\n\n\n<h4 class=\"wp-block-heading\">Asisten\u021ba medical\u0103 comunitar\u0103<\/h4>\n\n\n\n<ul class=\"wp-block-list\">\n<li><a href=\"https:\/\/legislatie.just.ro\/Public\/DetaliiDocument\/186978\">OUG nr. 18\/2017 din 27 februarie 2017privind asisten\u0163a medical\u0103 comunitar\u0103<\/a><\/li>\n\n\n\n<li><a href=\"https:\/\/legislatie.just.ro\/Public\/DetaliiDocumentAfis\/191448\">Legea nr. 180\/2017 din 18 iulie 2017 pentru aprobarea Ordonan\u0163ei de urgen\u0163\u0103 a Guvernului nr. 18\/2017 privind asisten\u0163a medical\u0103 comunitar\u0103<\/a><\/li>\n\n\n\n<li><a href=\"https:\/\/legislatie.just.ro\/Public\/DetaliiDocumentAfis\/215357\">Legea nr. 119 din 20 iunie 2019 pentru modificarea \u0219i completarea&nbsp;Ordonan\u021bei de urgen\u021b\u0103 a Guvernului nr. 18\/2017&nbsp;privind asisten\u021ba medical\u0103 comunitar\u0103<\/a><\/li>\n\n\n\n<li><a href=\"https:\/\/legislatie.just.ro\/Public\/DetaliiDocumentAfis\/214842\">Hot\u0103r\u00e2re nr. 324 din 23 mai 2019 pentru aprobarea&nbsp;Normelor metodologice&nbsp;privind organizarea, func\u021bionarea \u0219i finan\u021barea activit\u0103\u021bii de asisten\u021b\u0103 medical\u0103 comunitar\u0103<\/a><\/li>\n\n\n\n<li><a href=\"https:\/\/dspbv.ro\/amc\/ghid-amc-2024.pdf\">Ghid metodologic privind furnizarea serviciilor de asisten\u021b\u0103 medical\u0103 comunitar\u0103 de c\u0103tre asistentul medical comunitar<\/a><\/li>\n\n\n\n<li><a href=\"https:\/\/dspbv.ro\/amc\/ghid-msr-2024.pdf\">Ghid metodologic privind furnizarea serviciilor de asisten\u021b\u0103 medical\u0103 comunitar\u0103 de c\u0103tre mediatorul sanitar<\/a><\/li>\n\n\n\n<li><a href=\"https:\/\/dspbv.ro\/amc\/cci\/MO-Partea-I-nr-1240Bis-Manual-CCI.pdf\">Manualul centrelor comunitare integrate<\/a><\/li>\n<\/ul>\n\n\n\n<p><\/p>\n","protected":false},"excerpt":{"rendered":"Organizarea sistemului sanitar din Rom\u00e2nia, organizarea, func\u021bionarea \u0219i structura organizatoric\u0103 a direc\u021biilor de s\u0103n\u0103tate public\u0103 Legisla\u021bie privind supravegherea st\u0103rii de s\u0103n\u0103tate Legisla\u021bie func\u021bionari publici Legisla\u021bie programe de s\u0103n\u0103tate &nbsp;Legisla\u021bie privind protec\u021bia datelor cu caracter personal Legisla\u021bie rela\u021bii publice Asisten\u021ba medical\u0103 comunitar\u0103","protected":false},"author":1,"featured_media":0,"parent":20007,"menu_order":0,"comment_status":"closed","ping_status":"closed","template":"","meta":{"_acf_changed":false,"_locale":"en_US","_original_post":"https:\/\/cjam.ro\/?page_id=115","footnotes":""},"class_list":{"0":"post-115","1":"page","2":"type-page","3":"status-publish","5":"en-US"},"acf":[],"aioseo_notices":[],"_links":{"self":[{"href":"https:\/\/cjam.ro\/index.php\/wp-json\/wp\/v2\/pages\/115","targetHints":{"allow":["GET"]}}],"collection":[{"href":"https:\/\/cjam.ro\/index.php\/wp-json\/wp\/v2\/pages"}],"about":[{"href":"https:\/\/cjam.ro\/index.php\/wp-json\/wp\/v2\/types\/page"}],"author":[{"embeddable":true,"href":"https:\/\/cjam.ro\/index.php\/wp-json\/wp\/v2\/users\/1"}],"replies":[{"embeddable":true,"href":"https:\/\/cjam.ro\/index.php\/wp-json\/wp\/v2\/comments?post=115"}],"version-history":[{"count":22,"href":"https:\/\/cjam.ro\/index.php\/wp-json\/wp\/v2\/pages\/115\/revisions"}],"predecessor-version":[{"id":20076,"href":"https:\/\/cjam.ro\/index.php\/wp-json\/wp\/v2\/pages\/115\/revisions\/20076"}],"up":[{"embeddable":true,"href":"https:\/\/cjam.ro\/index.php\/wp-json\/wp\/v2\/pages\/20007"}],"wp:attachment":[{"href":"https:\/\/cjam.ro\/index.php\/wp-json\/wp\/v2\/media?parent=115"}],"curies":[{"name":"wp","href":"https:\/\/api.w.org\/{rel}","templated":true}]}}